5 + -200)
-12
Evaluate 9 + (-14 - 8 - -15).
2
Calculate 8 - (6 - 1 - (8 + 12 + -20)).
3
What is 12 - (50 - 25) - -18?
5
Evaluate (-33 - -28) + (0 - -6) + 0.
1
Evaluate (8 - 19) + 8 - 7.
-10
What is the value of (-21 - (9 - -9)) + 21?
-18
(-5 - -13) + -1 + (2 + -36 - -5)
-22
Calculate (0 - 0) + -6 + (-54 - -61).
1
Evaluate 13 - (3 + (4 - 13) + -3 + 1).
21
Calculate -23 + (-30 + 17 - -47).
11
Evaluate 12 + 1 - (9 - (-8 + (-5 - -17))).
8
What is 0 - (-1 + 8) - (40 - 11 - 24)?
-12
Calculate (-2 - 20) + (35 - 30).
-17
9 - (8 - (1 + 0 + 6) - -5)
3
Evaluate -2 + -8 + -5 - (-1 - (-1 + 7)).
-8
15 + (-9 - 0) + (13 - 11) - 12
-4
What is the value of 16 - (12 - 18 - (0 - (-1 - 1)))?
24
What is (-41 - -39) + (-8 - ((0 - 3) + 2))?
-9
What is -16 + 22 - (3 + -4 + 4 - -4)?
-1
What is the value of 69 + 35 + -57 + -14?
33
What is the value of 32 - -2 - (-334 + 358)?
10
Calculate (2 + (9 - 9) - 12) + -12.
-22
What is 37 + (-9 - -24 - 15) + -13?
24
What is -7 + 10 + (1 - 11) + -11?
-18
What is the value of -7 + (-17 - 11) + (3 - -1)?
-31
Evaluate (6 + 0 - 7) + -11 - -5.
-7
What is the value of (-3 - (-9 + -5)) + 5 + -7?
9
What is -221 + 225 + -5 + -23?
-24
-4 - (-14 - 0) - (-4 - -3 - -7)
4
What is -2 - 8 - (-4 - -1 - 6)?
-1
What is -18 + 20 + (-15 - 11)?
-24
What is (-16 + (1 - 0) - -1) + 50 + -46?
-10
What is -1 - -30 - (28 + (-17 - -37) + -39)?
20
What is -12 - (5 - 3 - (-7 - (-12 + 0)))?
-9
What is 0 + 25 + 76 + -26 + -50?
25
Evaluate -5 - -16 - -2 - (-5 - -9).
9
Evaluate 35 + (4 - 28) - 4.
7
What is -38 + 46 + 2 + (-6 - -1)?
5
Calculate 36 + -30 + -4 + 21.
23
-12 - (2 - 29 - (-12 - -14))
17
What is -3 + 6 - (9 - 5)?
-1
(34 - (36 - 23)) + 3
24
Evaluate -3 + (-48 + 39 - (-20 + -2)).
10
Evaluate (4 - (9 + 7 + -7)) + 15 + -16.
-6
(-52 - 3) + 28 + 15
-12
-5 - (-27 + 3 + -5) - 4 - 5
15
What is -1 + 4 + 2 - ((1 - -8) + -13)?
9
Calculate -6 - (-1 - (-1 + 1) - (95 - 90)).
0
Evaluate -5 + (8 - 7) + (4 - (0 + 1)).
-1
What is the value of (3 - (-8 + 5) - (1 + -3)) + 3?
11
-16 + 44 + (-51 - -5)
-18
-10 - (-7 + 22 - 18) - (2 + -4)
-5
What is (-12 - -17) + 7 + -27 + 7?
-8
What is (-37 + 23 - (-5 + -1)) + 1 + -4?
-11
Calculate 1 - (-1 + 2 - (13 + -9)) - 15.
-11
What is the value of 9 + 10 + -9 + (7 - -1)?
18
What is -6 + (3 - -20 - 14) - (0 + 4)?
-1
What is the value of -56 + (32 - (0 + 11))?
-35
Evaluate (3 - (-3 - -10)) + 3 + (19 - 16).
2
(-1 - 22) + 8 + (1 + -4 - -2)
-16
What is -21 + (5 - 13) + 14?
-15
Calculate (-5 - 6) + 0 - (2 + (3 - 4)).
-12
-15 + (-9 - (-10 - 27)) + -33
-20
(-65 - -49) + (38 - 9)
13
Evaluate 1 - ((-7 - -8) + -7).
7
What is the value of (4 - (-6 - -16)) + 7 + -17?
-16
What is the value of 22 + -2 - (30 - (9 + 35))?
34
(-14 - -5) + -12 + 31
10
What is 25 - (-32 - 11 - -103)?
-35
What is (16 - 13 - (-2 - -1)) + 34 + -5?
33
Calculate 33 - 50 - (-27 - -4) - 13.
-7
Calculate (0 + -1 - -9) + -56 + 54 - -1.
7
What is the value of 2 + 6 - (25 - 13 - 13) - 8?
1
Evaluate 6 + (-2 - (3 + 0)) + (-24 - -10).
-13
-2 - 17 - (12 + -20)
-11
Evaluate 41 + -2 + (-4 - 54).
-19
Evaluate -29 + 19 + -3 + 2 + -1.
-12
Calculate 7 + (-29 - -5) - (-7 + 9).
-19
6 + (0 - (2 - (6 - -2) - -10))
2
Calculate -8 + (5 - (-14 - -6)).
5
Calculate 7 - (-16 + 22 + -9).
10
Evaluate (17 - (7 - -15)) + -1 + (-1 - -9).
2
72 + -74 + (0 - -3) + -14
-13
What is the value of 23 - -2 - (460 - 434)?
-1
What is -5 + 5 + -1 + 11 + -8 + 10?
12
-8 + (-10 + (-4 - -8) - -7)
-7
Evaluate 6 + (-5 - (-3 - -3)).
1
0 + (1 - 2) - (494 - 497) - 0
2
What is -2 + (5 - -1) + 17 + (-15 - 16)?
-10
What is the value of (-3 - 9 - (-10 + 1)) + (2 - -1)?
0
Evaluate -44 + (0 - -22 - -5).
-17
2 + 20 - (26 - 33 - (-4 - 3))
22
Evaluate -253 + 245 - ((2 - 21) + 0 + 1).
10
Evaluate 0 + 0 + (-78 - -51) + (17 - 0).
-10
Evaluate -5 + -2 - (-16 + (0 - -18)).
-9
What is -2 + (0 - ((-6 - (0 - -7)) + 6))?
5
What is 7 + (-10 - -6) + (7 + -5 - 1)?
4
What is the value of 20 + -46 + 33 - 8?
-1
What is (-11 - -22) + -15 - (2 + -4)?
-2
What is the value of -2 + 2 + (33 - 41) + 17?
9
What is (-19 + 1 - 11) + 37?
8
What is the value of 37 - (9 - -11) - (-2 - -10)?
9
-23 + 2 - -31 - (4 - (1 + -4))
3
Evaluate 17 + -6 + 4 - ((11 - 7) + 2).
9
-11 + (3 - (-19 + (32 - 14)))
-7
Evaluate -14 - -31 - (9 - (6 - 2)).
12
Evaluate -7 + -3 + -1 + 23 - -6.
18
What is -61 - -55 - (13 - 5)?
-14
What is -23 + (5 - -7 - -3) + -5?
-13
Calculate -29 - 6 - (3 - 28).
-10
What is the value of 6 + (-2 - (1 + 5)) - (3 + 1)?
-6
19 - (-3 - -21) - 18
-17
-4 - ((-8 - (-3 - 3 - 10)) + -29)
17
What is the value of -13 + 7 + 9 + -17 + -10?
-24
-7 + (-8 + 6 - -8)
-1
0 + 6 - (-11 - -15) - 1
1
Evaluate -6 + (11 - 19) - -8 - (-3 - -23).
-26
Calculate -8 + (-1 - 1) + 8 + -2 - -1.
-3
Calculate -7 + 12 + (-10 - (-2 - -8)).
-11
What is -28 - (-37 - -11) - -4?
2
What is (2 + -2 - (1 + 1)) + (973 - 978)?
-7
What is the value of -27 + 3 + 1 + (-1 - -9)?
-15
Evaluate -8 + -3 + 6 + 6 + -2.
-1
23 - 21 - ((-6 - -16) + -2)
-6
Evaluate -60 + 81 - (-1 - (-1 - 5)).
16
What is the value of 8 + 2 + (11 - 9) + 3?
15
Calculate -2 - -31 - (11 - -5).
13
What is the value of -14 + 18 + -34 + 25?
-5
3 - (-1 - (-1 - 18))
-15
What is (-25 - (-46 - -33)) + (-3 - -36)?
21
What is the value of 15 + 19 + -15 + -3?
16
What is 14 + (32 - 18 - 51)?
-23
Evaluate -8 + ((4 - 2) + -6 - -17) + -14.
-9
Calculate -3 + (-8 - (12 + -14)) + 1.
-8
What is the value of -5 + (1 - 0) - (4614 + -4638)?
20
What is 3 - -1 - (-19 + (18 - -8))?
-3
Calculate (10 - (0 - (7 + -11))) + -4 + 11.
13
Calculate -2 + ((9 - 15) + 5 + 0 - -9).
6
Evaluate -6 + (-6 - (-4 + -3)) - -4.
-1
What is the value of 22 - 17 - (-4 - -3) - (1 + 20)?
-15
Evaluate -4 + (3 - 6 - 5 - -8) - 8.
-12
-2 - -4 - (8 + -1 - (32 + -4))
23
What is (-5 + -11 + 19 + 6 - 11) + 2?
0
What is -13 - ((0 + (-17 - -9) - 1) + 18)?
-22
Calculate -19 + 2 + 41 + -14 + -6.
4
Evaluate 1 + (3 + -1 - (33 - 18)).
-12
Calculate 17 + (6 - 8) - (1 + 0).
14
What is (11 - (5 - 2)) + 1?
9
Evaluate (6 - (20 - 10)) + (-5 - (-1 + -2)).
-6
Calculate -1 - (-28 - -16 - -14).
-3
What is the value of 36 - 88 - -30 - (0 - 9)?
-13
What is -24 + 42 + -23 - -14?
9
Evaluate (9 - -2 - (1 - 2)) + -449 + 448.
11
Evaluate (4 - 0 - 6) + 14 - 1.
11
What is the value of 3 + 11 + (-8 - (0 - 4)) - 3?
7
Evaluate 13 - (-3 + 7) - 14 - 3.
-8
What is the value of -6 + (-25 - -15 - -28)?
12
Evaluate (17 + 0 - 7) + (58 - 60).
8
Evaluate -3 + (-12 - -22) - -3.
10
What is (-18 - -7) + 1 - (-2 + -2 + 6)?
-12
Calculate -1 - (-10 + 32 + -10).
-13
What is 42 + -86 + 39 + 2 + 9?
6
Evaluate (6 - 12) + (-4 + -6 - -18).
2
What is the value of -1 - (4 + -18 + 5) - (13 + -26)?
21
What is the value of -6 + (-2 - 16 - -2) + 9?
-13
Calculate (-2 - -16) + 55 + -30 + -64.
-25
Evaluate 1 + 1 + 98 + -114 + -2 + 4.
-12
What is (-1 - -2 - 3) + 0 + 1?
-1
Evaluate -1 + (-9 - -8 - (-16 + 0)) + 2.
16
What is the value of (-14 - -26 - 1) + 1 + -21?
-9
Calculate 9 + -6 - (-30 + (25 - 15)).
23
Evaluate -15 - (-5 + -2) - -5 - -5.
2
Calculate (10 - 5) + (2 - (2 - 0) - 1).
4
Evaluate (12 + (9 - 11) - 22) + -4.
-16
-6 + (-14 - (-9 + -2))
-9
Calculate 45 + (-2 - -27 - 58).
12
Evaluate (13 - 35) + 27 - (-3 - (-11 + 3)).
0
Evaluate 5 + 1 + -8 - -6 - 4.
0
What is -14 - 2 - (7 + -12)?
-11
Calculate -7 + -4 + 15 + 27 + -31.
0
-5 - (-5 + (11 - 11)) - 6
-6
What is 15 + -15 - (-4 - 8)?
12
What is ((-4 - -5) + 6 - (21 - 1)) + -1?
-14
Evaluate -1 + (6 + -1 + -1 - 7).
-4
Evaluate (2 - 0) + 1 + (-11 - (-31 - -26)).
-3
What is the value of -1 + 16 - (67 - 63)?
11
What is 4 + (1 + 0 - (15 + -16 + 4))?
2
What is the value of 0 + 8 - (18 - (-3 + (-1 - -6)))?
-8
Evaluate 6 - (21 + 26 + -24).
-17
What is the value of (38 - 18) + -10 + -14?
-4
Calculate 9 - (-11 + 8 + (30 - -6)).
-24
Calculate -41 + (-9 - -38) + 21.
9
What is the value of (6 - (4 + -20 + 10)) + -12?
0
7 - ((18 - (1 + -6)) + -7)
-9
What is the value of -5 - (10 + (-1 - (26 - 8))) - -30?
34
What is the value of (5 - (-5 - (0 + (1 - 2)))) + -2?
7
Calculate (-1 - -1) + (-3 + 20 - 35).
-18
-19 + (13 - -4) - 0
-2
What is the value of (34 - 16) + (-49 - (-5 - -1))?
-27
What is the value of -5 - (11 + 11 + -31 + 25 + 0)?
-21
Evaluate -18 + 11 + 9 + (-2 - 11).
-11
Evaluate (13 - 7) + -18 + (1 - -3) - 2.
-10
Calculate -22 + (13 - -17) - -14.
22
(2 - -13) + -6 - 3
6
What is 20 - 6 - (71 - 16)?
-41
(3 + -11 +